be x(3). Let j = -279 - d. What are the prime factors of j?
2, 5
Suppose 3*d + 335 = 4*o, -5*d + 6*o = 4*o + 563. Let t = -105 - d. Suppose -t*z + 2552 = 944. List the prime factors of z.
3, 67
Let j = 206 + -14. Suppose 0 = -b + 830 + j. What are the prime factors of b?
2, 7, 73
Let s = -39181 - -75629. What are the prime factors of s?
2, 17, 67
Let t be -2*(-2)/6*-33. Let m be 3 - (-11)/(t/(-16)). Let s = 50 + m. What are the prime factors of s?
61
Let i be 39/5 - 14/(-70)*1. Suppose 5*f + 3*t - 955 = 0, -i*f + 4*t = -4*f - 796. List the prime factors of f.
2, 97
List the prime factors of 301074/39 + (-3)/2 + 172/104.
2, 5, 193
Suppose 126761 = -29*n + 36*n - 89616. List the prime factors of n.
30911
Let i = 84 - 63. Suppose i*c = 17*c + 800. Let g = c - 45. What are the prime factors of g?
5, 31
Suppose -150*k = 156*k - 10395738. List the prime factors of k.
53, 641
Let x = -14 - -21. Suppose 3*j = 2*a + x, 4*j + 6*a = 2*a + 16. Suppose 42 = -j*f + 276. What are the prime factors of f?
2, 3, 13
Let u = -22 + 25. Let v be u*4/(-18)*3 + 5. Suppose 2*a - 3*a - 323 = -3*i, i - 121 = -v*a. List the prime factors of i.
109
Let m(a) = 5*a**3 - 20*a**2 + 66*a - 12. What are the prime factors of m(5)?
443
What are the prime factors of (5990715/(-30))/41*(-5)/((-30)/(-8))?
2, 17, 191
Suppose -3*s = -s + 126. Let x = 73 + s. What are the prime factors of (946/10)/1 + 4/x?
5, 19
Let f(o) = 773*o**2 + 57*o - 105. List the prime factors of f(9).
3, 7, 3001
Suppose 3*g = -5*o - 31, -2*g + 5*o + 6 = 3*o. Let i(c) = 75*c**2 + 3*c. List the prime factors of i(g).
2, 3, 7
Let q(k) = 3*k**2 - 343*k + 112. What are the prime factors of q(-42)?
2, 5, 7, 283
Suppose -7*x + 468104 = -6*x + 55*x. List the prime factors of x.
13, 643
List the prime factors of 8 - (73602/(-9))/3.
2, 1367
Let n(p) = 48*p + 22. Let d = -21 + 15. Let j be n(d). List the prime factors of 1/((6/j)/(-3)).
7, 19
Suppose -a + 221 = -2*y - 6*a, -507 = 4*y - 3*a. What are the prime factors of y*(-1 + -4 - 0/7)?
3, 5, 41
Suppose 7*f = -55*f + 2877606. What are the prime factors of f?
3, 191
Let c = 1 - -2. Suppose -7*k = -10*k, 3*q = 5*k + 15. Suppose -g + y = -249, -g - q*y + c*y + 240 = 0. What are the prime factors of g?
2, 3, 41
Let j(m) = 159*m - 1248. What are the prime factors of j(41)?
3, 7, 251
Suppose -17*d + 11*d + 1577 + 2995 = 0. List the prime factors of d.
2, 3, 127
Suppose -z = -4*p + 284, 4*p + p = 4*z + 355. Let g = p - 10. Suppose -5*s = -134 - g. What are the prime factors of s?
3, 13
Let b = 128817 + -60383. What are the prime factors of b?
2, 34217
Let j = -1368 + 1374. Let n = 1548 + -1032. Suppose -n = -j*b + 2*b. What are the prime factors of b?
3, 43
Let i(g) be the third derivative of -g**4/24 + 5*g**3/3 - 10*g**2. Let p be i(12). List the prime factors of (-610)/(-7) + p/14.
3, 29
Let w(s) = -s**2 - 16*s + 16. Let g be w(-16). Suppose -27506 = g*h - 33*h. List the prime factors of h.
2, 809
Let l be (0/(-4))/(-5) - -5. Suppose -5 = 5*w + o + 14, -o + l = -w. What are the prime factors of (-6 - (-91)/14) + (-506)/w?
127
Let g = -152 + 179. Let o = g + -9. List the prime factors of 36/o - (-1 - 243).
2, 3, 41
Suppose 43 = 3*o - 41. Suppose -2*i = 41*t - 37*t - 54, -25 = 5*i. Let d = o - t. What are the prime factors of d?
2, 3
Suppose -3*a + 5652 = 2*v, -35*a = 5*v - 39*a - 14084. List the prime factors of v.
2, 3, 5, 47
Let b(u) = 46*u + 15. Let d be -26 + 23 + 18/((-2)/(-1)). What are the prime factors of b(d)?
3, 97
Let w(a) = a**3 - 5*a**2 + 6*a - 9. Suppose -5*y + 4*y = -4. Let u be w(y). List the prime factors of 0 + 107 + (2 - 3)*u.
2, 3
Suppose -123*h + 816 = -122*h. Let q = h + -155. What are the prime factors of q?
661
Let k = 16807 - 661. What are the prime factors of k?
2, 3, 13, 23
Let w be (2/(-6))/(3/(-7173)). Suppose 1387 = 12*l - w. What are the prime factors of l?
2, 7, 13
Suppose c + y + 112275 = 6*c, -5*y = -25. List the prime factors of c.
2, 7, 401
List the prime factors of 635*13/((-195)/(-93)).
31, 127
Let s(f) be the third derivative of 7*f**4/24 - f**3/3 - 2*f**2. Let d = 1365 - 1353. What are the prime factors of s(d)?
2, 41
Let y = 130406 - 88609. List the prime factors of y.
7, 853
Suppose 0*g = 3*g - g. Suppose -62*r + 56*r + 768 = g. List the prime factors of r.
2
Let q be -3 - -2 - (-2 + -209). Let j(s) = -q - 4*s + 192 + 2*s + 10*s. What are the prime factors of j(13)?
2, 43
Suppose -119*a + 148*a = 1188491 + 186457. List the prime factors of a.
2, 3, 439
Let n = 17963 + -14067. What are the prime factors of n?
2, 487
Let m(q) = -2*q**3 + 16*q + 22. Let t be m(-12). Suppose 7*o = 1180 + t. List the prime factors of o.
2, 11, 29
What are the prime factors of (-466)/1631 + 152315/7 + -3?
2, 3, 7, 37
Let k(r) = r**3 + r**2 + 21. Suppose -2*p + 73 = 3*p + c, 3*p + 5*c - 35 = 0. Suppose 3 = -2*u + p. What are the prime factors of k(u)?
3, 7, 13
Let s be (1 + -44 - -1)*39/(-26). Suppose -563 + s = -5*q. What are the prime factors of q?
2, 5
Suppose -756 = -13*a - 8*a. What are the prime factors of ((-7)/((-112)/a))/((-5)/(-960))?
2, 3
Let m(w) = 8*w**2 + w + 9. Let u be m(8). Suppose -u = 8*t - 1737. Let l = -107 + t. List the prime factors of l.
2, 11
Let d(t) = 10524*t + 1837. List the prime factors of d(5).
13, 59, 71
Let y(s) = -7589*s + 5316. What are the prime factors of y(-7)?
58439
Let i = 2015 + -3497. Let s = i + 3351. What are the prime factors of s/12 + (-1)/(-4)?
2, 3, 13
Let g(n) be the second derivative of n**5/20 + 2*n**4/3 + 5*n**3/3 + 15*n**2/2 + n. Let x = 317 - 323. What are the prime factors of g(x)?
3
Suppose 3*u + f - 23237 = 0, -76*f - 15514 = -2*u - 71*f. What are the prime factors of u?
61, 127
Suppose -2*d + 4*t = -3404, d - t - 1182 = 516. List the prime factors of d.
2, 7, 11
List the prime factors of (0 - 1) + -5 + (-285 - -14555).
2, 1783
Let d(c) = 224*c - 1614. What are the prime factors of d(8)?
2, 89
Let j(d) = 90*d**2 + 11*d + 50. Let q(o) = 60*o**2 + 7*o + 33. Let y(m) = -5*j(m) + 8*q(m). List the prime factors of y(-5).
3, 11, 23
Suppose 200*s + 2219650 - 6871650 = 0. What are the prime factors of s?
2, 5, 1163
Suppose -2*x + 354 = 2*c - 25734, -3*x = -3*c - 39156. What are the prime factors of x?
2, 7, 233
Suppose 4*w = -4*l + 276, -5*w = 2*l - 168 + 33. Suppose -l*v - 20 = -75*v, 1388 = p - 3*v. What are the prime factors of p?
2, 5, 7
Suppose -2*v + 93 = -63. Let x = v - 71. What are the prime factors of (-3)/21 + 813/x?
2, 29
Let f(o) = -o**2 + 11*o - 30. Let h be f(6). Suppose -5*a + a + 464 = h. List the prime factors of a.
2, 29
Let g(u) = 1411*u**2 - 64*u + 453. What are the prime factors of g(6)?
3, 5, 3391
Let w = 547 - 592. What are the prime factors of 14472/40 - 9/w?
2, 181
What are the prime factors of -2*((-88231)/(-44))/(3/(-18))?
3, 13, 617
Let v be (-9)/((-45)/3130) - -4. Suppose 0 = -54*y + 52*y + v. What are the prime factors of y?
3, 5, 7
Let k(v) = -3225*v + 261. What are the prime factors of k(-19)?
2, 3, 641
Let o be (-14 + (0 - -1))/(71/639). Let p = -107 - o. List the prime factors of p.
2, 5
Suppose -5*d = 2*a - 11313, -3*d + 6763 = 53*a - 58*a. List the prime factors of d.
7, 17, 19
Let l(t) = -t**3 + 22*t**2 - 21*t - 17. Let j be l(21). Let c = -12 - j. Suppose -c*h + n = -n - 272, -3*n = 4*h - 236. List the prime factors of h.
2, 7
Suppose 0 = -2*q + 2782 - 22. Let u be q/(-8)*(-3 + (-36)/(-20)). Suppose 426 = 3*l - u. List the prime factors of l.
211
Let p(o) be the second derivative of -o**5/20 + 5*o**4/12 - 4*o**2 - 16*o. Let f be p(4). Suppose -16 + f = -4*t. List the prime factors of t.
2
Let k(r) = 8*r**2 - 18*r + 41. Let l be (180/(-21) - 8/(-14))*-1. What are the prime factors of k(l)?
409
Suppose 3*p - p + 5*y = 1927, 3*p + y - 2923 = 0. Suppose 0 = 25*s - 27*s + p. List the prime factors of s.
2, 61
Let r(j) = -j**2 - 32*j - 54. Let c be r(-30). Suppose c*s - 830 = 172. List the prime factors of s.
167
Suppose -g - b + 105 = 0, 305*g + 96 = 306*g - 2*b. List the prime factors of g.
2, 3, 17
List the prime factors of (-25566)/(-16 + 31 + -21).
4261
Suppose -l + 1296 = -o, 3898 = 4*l - l - o. Suppose -21*a - 265 = -p - 19*a, l = 5*p - 2*a. List the prime factors of p.
7, 37
Let c = 17 + -9. Suppose n + 3 = -a - 1, 2*a + c = -4*n. Suppose 2*w - 156 - 18 = 2*k, -2*